he units digit of 915?
5
What is the hundreds digit of 33891?
8
What is the hundreds digit of 78375?
3
What is the tens digit of 1301?
0
What is the tens digit of 31715?
1
What is the thousands digit of 16452?
6
What is the units digit of 3472?
2
What is the thousands digit of 4980?
4
What is the hundreds digit of 6500?
5
What is the tens digit of 614?
1
What is the tens digit of 635?
3
What is the units digit of 1173?
3
What is the thousands digit of 2529?
2
What is the units digit of 996?
6
What is the tens digit of 981?
8
What is the hundreds digit of 3196?
1
What is the tens digit of 7100?
0
What is the tens digit of 17079?
7
What is the hundreds digit of 9182?
1
What is the hundreds digit of 103?
1
What is the hundreds digit of 2619?
6
What is the hundreds digit of 2982?
9
What is the tens digit of 686?
8
What is the thousands digit of 2612?
2
What is the hundreds digit of 1562?
5
What is the thousands digit of 22968?
2
What is the units digit of 291?
1
What is the hundreds digit of 1570?
5
What is the hundreds digit of 8878?
8
What is the hundreds digit of 10553?
5
What is the tens digit of 586?
8
What is the hundreds digit of 943?
9
What is the hundreds digit of 2077?
0
What is the tens digit of 1145?
4
What is the units digit of 2383?
3
What is the tens digit of 412?
1
What is the hundreds digit of 36292?
2
What is the tens digit of 6191?
9
What is the units digit of 933?
3
What is the units digit of 4104?
4
What is the tens digit of 86902?
0
What is the thousands digit of 39585?
9
What is the hundreds digit of 12602?
6
What is the tens digit of 3707?
0
What is the thousands digit of 14799?
4
What is the units digit of 912?
2
What is the tens digit of 7285?
8
What is the thousands digit of 12370?
2
What is the tens digit of 498?
9
What is the units digit of 2741?
1
What is the thousands digit of 94450?
4
What is the hundreds digit of 1348?
3
What is the units digit of 28?
8
What is the ten thousands digit of 22035?
2
What is the units digit of 42132?
2
What is the units digit of 987?
7
What is the ten thousands digit of 39601?
3
What is the ten thousands digit of 37791?
3
What is the hundreds digit of 31011?
0
What is the hundreds digit of 394?
3
What is the thousands digit of 3410?
3
What is the hundred thousands digit of 121873?
1
What is the tens digit of 360?
6
What is the hundreds digit of 31031?
0
What is the hundred thousands digit of 142142?
1
What is the tens digit of 192?
9
What is the tens digit of 72862?
6
What is the hundreds digit of 31547?
5
What is the units digit of 23654?
4
What is the hundred thousands digit of 125288?
1
What is the tens digit of 688?
8
What is the ten thousands digit of 59313?
5
What is the tens digit of 58403?
0
What is the hundreds digit of 765?
7
What is the units digit of 19296?
6
What is the tens digit of 114782?
8
What is the units digit of 249?
9
What is the ten thousands digit of 78334?
7
What is the hundreds digit of 201?
2
What is the hundreds digit of 40876?
8
What is the tens digit of 10979?
7
What is the hundreds digit of 538?
5
What is the thousands digit of 7849?
7
What is the tens digit of 20743?
4
What is the tens digit of 2570?
7
What is the thousands digit of 2531?
2
What is the units digit of 15792?
2
What is the tens digit of 20056?
5
What is the hundreds digit of 855?
8
What is the hundreds digit of 1864?
8
What is the tens digit of 2151?
5
What is the thousands digit of 78614?
8
What is the tens digit of 6966?
6
What is the tens digit of 4151?
5
What is the hundreds digit of 2796?
7
What is the tens digit of 1304?
0
What is the hundreds digit of 53615?
6
What is the units digit of 28293?
3
What is the units digit of 5658?
8
What is the hundreds digit of 4126?
1
What is the units digit of 3361?
1
What is the units digit of 29215?
5
What is the thousands digit of 1306?
1
What is the thousands digit of 2127?
2
What is the hundreds digit of 3282?
2
What is the hundreds digit of 2932?
9
What is the units digit of 95?
5
What is the units digit of 18479?
9
What is the units digit of 451?
1
What is the units digit of 341?
1
What is the ten thousands digit of 126819?
2
What is the thousands digit of 74945?
4
What is the hundreds digit of 26680?
6
What is the units digit of 1632?
2
What is the tens digit of 423?
2
What is the tens digit of 2737?
3
What is the hundreds digit of 16776?
7
What is the thousands digit of 102996?
2
What is the hundreds digit of 1677?
6
What is the hundreds digit of 61451?
4
What is the thousands digit of 1386?
1
What is the hundreds digit of 2243?
2
What is the tens digit of 5598?
9
What is the tens digit of 4077?
7
What is the thousands digit of 1366?
1
What is the thousands digit of 3005?
3
What is the hundreds digit of 2801?
8
What is the tens digit of 15755?
5
What is the hundreds digit of 55421?
4
What is the tens digit of 708?
0
What is the ten thousands digit of 10465?
1
What is the units digit of 46253?
3
What is the units digit of 21489?
9
What is the thousands digit of 5714?
5
What is the units digit of 9595?
5
What is the ten thousands digit of 132992?
3
What is the hundreds digit of 4951?
9
What is the hundreds digit of 26604?
6
What is the thousands digit of 6133?
6
What is the thousands digit of 3618?
3
What is the units digit of 1300?
0
What is the hundreds digit of 4581?
5
What is the thousands digit of 55414?
5
What is the units digit of 3204?
4
What is the thousands digit of 1037?
1
What is the thousands digit of 94448?
4
What is the ten thousands digit of 26262?
2
What is the hundreds digit of 105377?
3
What is the tens digit of 2658?
5
What is the tens digit of 828?
2
What is the units digit of 1097?
7
What is the units digit of 2641?
1
What is the units digit of 44303?
3
What is the hundreds digit of 4472?
4
What is the tens digit of 541?
4
What is the units digit of 442?
2
What is the thousands digit of 4319?
4
What is the hundreds digit of 25984?
9
What is the hundreds digit of 1850?
8
What is the thousands digit of 1961?
1
What is the hundreds digit of 384?
3
What is the tens digit of 1204?
0
What is the hundreds digit of 840?
8
What is the hundreds digit of 31336?
3
What is the tens digit of 295?
9
What is the ten thousands digit of 24167?
2
What is the hundreds digit of 35325?
3
What is the thousands digit of 142059?
2
What is the ten thousands digit of 23464?
2
What is the hundreds digit of 1922?
9
What is the units digit of 2431?
1
What is the tens digit of 848?
4
What is the hundreds digit of 4659?
6
What is the tens digit of 4931?
3
What is the thousands digit of 29263?
9
What is the hundreds digit of 2549?
5
What is the tens digit of 32086?
8
What is the hundreds digit of 116429?
4
What is the units digit of 22762?
2
What is the hundreds digit of 575?
5
What is the units digit of 19071?
1
What is the tens digit of 5351?
5
What is the hundreds digit of 8397?
3
What is the thousands digit of 3341?
3
What is the ten thousands digit of 65782?
6
What is the hundreds digit of 2218?
2
What is the units digit of 1147?
7
What is the units digit of 49078?
8
What is the hundreds digit of 982?
9
What is the units digit of 1667?
7
What is the hundreds digit of 96738?
7
What is the thousands digit of 48706?
8
What is the thousands digit of 16444?
6
What is the ten thousands digit of 38150?
3
What is the hundreds digit of 12273?
2
What is the tens digit of 5189?
8
What is the thousands digit of 35765?
5
What is the hundreds digit of 7619?
6
What is the ten thousands digit of 13487?
1
What is the units digit of 3071?
1
What is the thousands digit of 18175?
8
What is the thousands digit of 1993?
1
What is the tens digit of 65585?
8
What is the tens digit of 2573?
7
What is the thousands digit of 5004?
5
What is the thousands digit of 40109?
0
What is the tens digit of 3581?
8
What is the units digit of 1120?
0
What is the units digit of 276?
6
What is the ten thousands digit of 20397?
2
What is the thousands digit of 63639?
3
What is the hundreds digit of 41005?
0
What is the units digit of 820?
0
What is the ten thousands digit of 30297?
3
What is the units digit of 120?
0
What is the hundreds digit of 118638?
6
What is the thousands digit of 29626?
9
What is the tens digit of 46?
4
What is the tens digit of 1806?
0
What is the hundreds di